emainder when 1048 is divided by 1035?
13
Calculate the remainder when 227 is divided by 49.
31
Calculate the remainder when 191 is divided by 119.
72
Calculate the remainder when 1047 is divided by 352.
343
Calculate the remainder when 4399 is divided by 25.
24
What is the remainder when 8748 is divided by 14?
12
Calculate the remainder when 115 is divided by 44.
27
Calculate the remainder when 426 is divided by 16.
10
Calculate the remainder when 547 is divided by 140.
127
Calculate the remainder when 9 is divided by 8.
1
What is the remainder when 20 is divided by 11?
9
What is the remainder when 5802 is divided by 15?
12
Calculate the remainder when 1105 is divided by 367.
4
Calculate the remainder when 1239 is divided by 178.
171
Calculate the remainder when 109 is divided by 20.
9
What is the remainder when 120 is divided by 119?
1
Calculate the remainder when 117 is divided by 6.
3
Calculate the remainder when 73447 is divided by 13.
10
Calculate the remainder when 1002 is divided by 67.
64
What is the remainder when 6919 is divided by 154?
143
What is the remainder when 269 is divided by 68?
65
What is the remainder when 558 is divided by 91?
12
What is the remainder when 244 is divided by 49?
48
Calculate the remainder when 27 is divided by 5.
2
What is the remainder when 33 is divided by 1?
0
What is the remainder when 1292 is divided by 68?
0
What is the remainder when 893 is divided by 294?
11
What is the remainder when 11379 is divided by 42?
39
Calculate the remainder when 1760 is divided by 28.
24
What is the remainder when 106 is divided by 35?
1
Calculate the remainder when 3558 is divided by 26.
22
What is the remainder when 381 is divided by 52?
17
Calculate the remainder when 1114 is divided by 186.
184
What is the remainder when 362 is divided by 31?
21
Calculate the remainder when 116 is divided by 56.
4
Calculate the remainder when 272 is divided by 74.
50
What is the remainder when 110 is divided by 49?
12
Calculate the remainder when 377 is divided by 16.
9
What is the remainder when 259 is divided by 8?
3
What is the remainder when 195 is divided by 58?
21
Calculate the remainder when 1628 is divided by 24.
20
Calculate the remainder when 61 is divided by 30.
1
Calculate the remainder when 508 is divided by 30.
28
What is the remainder when 97 is divided by 90?
7
What is the remainder when 131 is divided by 74?
57
What is the remainder when 626 is divided by 70?
66
What is the remainder when 404 is divided by 27?
26
Calculate the remainder when 212 is divided by 5.
2
Calculate the remainder when 996 is divided by 11.
6
What is the remainder when 271 is divided by 39?
37
What is the remainder when 1293 is divided by 72?
69
What is the remainder when 119 is divided by 106?
13
Calculate the remainder when 44 is divided by 29.
15
Calculate the remainder when 213 is divided by 25.
13
Calculate the remainder when 4491 is divided by 155.
151
Calculate the remainder when 117 is divided by 109.
8
What is the remainder when 404 is divided by 101?
0
Calculate the remainder when 1535 is divided by 27.
23
What is the remainder when 1292 is divided by 107?
8
Calculate the remainder when 1456 is divided by 27.
25
What is the remainder when 509 is divided by 498?
11
What is the remainder when 448 is divided by 30?
28
Calculate the remainder when 264 is divided by 128.
8
What is the remainder when 283 is divided by 103?
77
What is the remainder when 282 is divided by 58?
50
Calculate the remainder when 5613 is divided by 54.
51
Calculate the remainder when 4231 is divided by 11.
7
Calculate the remainder when 221 is divided by 77.
67
What is the remainder when 744 is divided by 160?
104
What is the remainder when 146 is divided by 15?
11
Calculate the remainder when 41 is divided by 27.
14
What is the remainder when 940 is divided by 45?
40
Calculate the remainder when 7011 is divided by 21.
18
Calculate the remainder when 1339 is divided by 1338.
1
Calculate the remainder when 1111 is divided by 70.
61
Calculate the remainder when 376 is divided by 29.
28
What is the remainder when 163 is divided by 5?
3
Calculate the remainder when 702 is divided by 143.
130
Calculate the remainder when 2575 is divided by 46.
45
What is the remainder when 1183 is divided by 15?
13
Calculate the remainder when 1957 is divided by 89.
88
What is the remainder when 351 is divided by 44?
43
What is the remainder when 153 is divided by 78?
75
Calculate the remainder when 726 is divided by 35.
26
What is the remainder when 6166 is divided by 23?
2
What is the remainder when 1721 is divided by 24?
17
What is the remainder when 1828 is divided by 122?
120
Calculate the remainder when 1473 is divided by 123.
120
Calculate the remainder when 193 is divided by 48.
1
Calculate the remainder when 319 is divided by 312.
7
What is the remainder when 348 is divided by 16?
12
Calculate the remainder when 159 is divided by 153.
6
Calculate the remainder when 478 is divided by 124.
106
What is the remainder when 4232 is divided by 36?
20
Calculate the remainder when 386 is divided by 34.
12
What is the remainder when 128 is divided by 13?
11
What is the remainder when 1179 is divided by 59?
58
What is the remainder when 2971 is divided by 31?
26
Calculate the remainder when 2254 is divided by 37.
34
Calculate the remainder when 264 is divided by 88.
0
Calculate the remainder when 68 is divided by 20.
8
Calculate the remainder when 29 is divided by 27.
2
Calculate the remainder when 1848 is divided by 62.
50
What is the remainder when 138 is divided by 58?
22
What is the remainder when 1943 is divided by 72?
71
What is the remainder when 779 is divided by 95?
19
What is the remainder when 688 is divided by 30?
28
What is the remainder when 117 is divided by 17?
15
What is the remainder when 677 is divided by 352?
325
Calculate the remainder when 32 is divided by 10.
2
Calculate the remainder when 12 is divided by 11.
1
What is the remainder when 489 is divided by 35?
34
Calculate the remainder when 258 is divided by 52.
50
Calculate the remainder when 241 is divided by 11.
10
What is the remainder when 267 is divided by 173?
94
What is the remainder when 4402 is divided by 232?
226
Calculate the remainder when 182 is divided by 33.
17
Calculate the remainder when 211 is divided by 75.
61
Calculate the remainder when 144 is divided by 17.
8
Calculate the remainder when 1042 is divided by 128.
18
Calculate the remainder when 709 is divided by 89.
86
What is the remainder when 1268 is divided by 9?
8
Calculate the remainder when 396 is divided by 363.
33
Calculate the remainder when 3004 is divided by 31.
28
What is the remainder when 142 is divided by 77?
65
What is the remainder when 3287 is divided by 29?
10
What is the remainder when 462 is divided by 150?
12
What is the remainder when 734 is divided by 6?
2
Calculate the remainder when 52 is divided by 5.
2
Calculate the remainder when 30565 is divided by 23.
21
What is the remainder when 170 is divided by 88?
82
What is the remainder when 1522 is divided by 12?
10
What is the remainder when 84 is divided by 8?
4
Calculate the remainder when 248 is divided by 78.
14
What is the remainder when 1023 is divided by 64?
63
Calculate the remainder when 292 is divided by 49.
47
Calculate the remainder when 277 is divided by 11.
2
Calculate the remainder when 86 is divided by 22.
20
What is the remainder when 63 is divided by 56?
7
Calculate the remainder when 286 is divided by 32.
30
Calculate the remainder when 155 is divided by 75.
5
Calculate the remainder when 430 is divided by 22.
12
Calculate the remainder when 566 is divided by 199.
168
What is the remainder when 1887 is divided by 10?
7
What is the remainder when 556 is divided by 51?
46
Calculate the remainder when 339 is divided by 9.
6
Calculate the remainder when 258 is divided by 24.
18
What is the remainder when 859 is divided by 41?
39
Calculate the remainder when 841 is divided by 203.
29
What is the remainder when 77 is divided by 16?
13
Calculate the remainder when 131 is divided by 19.
17
What is the remainder when 634 is divided by 53?
51
Calculate the remainder when 2713 is divided by 895.
28
What is the remainder when 831 is divided by 70?
61
What 